 + 4 + 6*q + q**3 - 5034*q**2 - 5038*q**2 + 10080*q**2. What is i(-7)?
-10
Suppose -3*m + z + 65 = 0, 10*z = -4*m + 6*z + 60. Let i be -4 + m + (-1 - -5). Suppose 0 = -i*q + 19*q - 1. Let c(v) = -10*v**3 - v**2. What is c(q)?
9
Let h(i) = -2*i**2 - 4*i + 15. Let n(r) = 1 + 3*r**2 + 7*r - 12 - 4 - 8. Let d(y) = -7*h(y) - 5*n(y). What is d(-7)?
10
Let k(a) = a - 24. Suppose 3*h + 4*m - 15 = 0, -17*h + 10*h + 5*m = -35. Calculate k(h).
-19
Let d be (-966)/49 + 2/(-7). Let c be 4/10 + 8/d. Let v(n) = -5*n + 21. Let w(o) = 3*o - 11. Let h(m) = -4*v(m) - 7*w(m). What is h(c)?
-7
Let x(y) = y**3 + 3*y**2 - 3*y. Let g(v) be the second derivative of -2*v**3/3 - 10*v**2 - 16*v. Let o be g(-14). Let l = -39 + o. Determine x(l).
9
Let i(t) = -7*t - 5. Let s be i(0). Let m(z) = -2*z**2 + 10*z - 7. Let f(w) = 4*w**2 - 12*w + 8. Let a(c) = s*m(c) - 4*f(c). What is a(1)?
-5
Let l(f) be the third derivative of 1/24*f**4 - 146*f**2 + 0 - 23/6*f**3 + 0*f. Give l(16).
-7
Let r(o) be the second derivative of o**4/6 - 7*o**3/6 + 3*o**2 + 160*o. Let d = -3 + 17. Let x = d - 10. Calculate r(x).
10
Let u = 98 + -104. Suppose -y + 5 + 6 = 4*b, 3*b - 12 = -2*y. Let g(r) = 2*r**b + 4*r**2 - 3 + r**3 + 2*r**3 - 2*r**3. What is g(u)?
-3
Let y(k) be the second derivative of -k**5/20 - 13*k**4/6 - 11*k**3/3 + 36*k**2 + 15*k + 25. Determine y(-25).
-3
Let u(z) = -z**2 + 3*z + 5. Suppose -11*q + 1097 - 305 = 0. Suppose -q = -10*n - 22. What is u(n)?
-5
Suppose -5*b - 2*t = -10, 0 = 3*b + 4*t - 18 + 12. Let i(x) = -4 - 81*x**3 - x**2 + 80*x**3 - 4*x**b. Give i(-4).
-20
Let z(l) = -l**3 - 9*l**2 + 11*l + 1. Let a(f) = 25*f + 107. Let b be a(9). Let g = b + -342. Determine z(g).
-9
Let o(x) be the second derivative of -x**3/6 + 7*x**2 + 266*x. Let i(b) = 3*b**2 + 6*b - 2. Let z be i(-3). Give o(z).
7
Let r be -4 + (-4)/(24/(-42)) + -6. Let b(p) = 12*p - 4. Let h(z) = 0 + 0 - 2 + 6*z. Let s(g) = 4*b(g) - 7*h(g). What is s(r)?
-20
Let r(a) be the second derivative of -7*a**5/20 + a**4/12 - a**3/2 + 3*a**2/2 + 4*a - 5. Calculate r(1).
-6
Let l be 0 - (-2)/(-9) - 3752/126. Let j = l - -38. Let z(d) = d**2 - 6*d + 8. Give z(j).
24
Let n(q) = -11 - q**2 + 0 - 10 - 10*q + 26. Calculate n(-10).
5
Let h(m) = -m + 2. Let b(v) = -v**2 - 6*v - 2. Let o be b(-5). Let q(z) = -18*z - 6*z**2 + 4 - 79*z**3 + 81*z**3 + 15*z. Let l be q(o). What is h(l)?
7
Let g(n) = 2*n**3 - 50*n**2 - n + 29. Let k = 17147 + -17122. Calculate g(k).
4
Let y(g) be the second derivative of -10*g + 5/2*g**2 + 15 + 1/6*g**3 - 1/12*g**4. Calculate y(4).
-7
Let l(f) = 14*f + 90. Let p(y) = 22*y + 138. Let j(z) = 8*l(z) - 5*p(z). What is j(-15)?
0
Let h(f) = 5*f**3 + f**2 + 2*f + 5. Let q(b) = -14*b**3 - 4*b**2 - 6*b - 14. Let p be (45/18 - 2)*(-22)/(-1). Let d(c) = p*h(c) + 4*q(c). Give d(-2).
-9
Suppose 0 = -c + 4*r + 27, -5*r + r - 135 = -5*c. Let j = c - 29. Let p(k) = 15*k - 3*k**3 - k**2 + 2 - 1 - 3 - 14*k. Give p(j).
16
Let s(r) = r + 5 + 3*r - 2*r. Let y be (-8)/(-2) + ((-8)/(-24))/((-7)/(-42)). Give s(y).
17
Suppose 0 = -5*y - w + 6, -130*y + 127*y - 2*w = -12. Let z(k) = k**3 + k**2 - k - 45. What is z(y)?
-45
Let l(x) = -x - 2. Let i(r) = 5*r - 50. Let v be i(12). Suppose b + v = -2*z, 4*b - z + 5*z + 28 = 0. Calculate l(b).
2
Suppose 6*f + 23 = 7*f - 5*u, u - 5 = -3*f. Suppose 3*k - 61*o + 24 = -65*o, 0 = -5*k - f*o - 40. Let l(j) = j**3 + 8*j**2 + j - 7. Calculate l(k).
-15
Let u(j) be the first derivative of -j**3/3 + 4*j**2 - 7*j + 8. Suppose -h - 1 = -7. Determine u(h).
5
Suppose 39*d = 42*d - 18. Let g = -15 + 17. Let f(z) = -2*z + z**3 - 1 - 7*z**g + 2*z + 7*z - 2*z. Give f(d).
-7
Let k(s) be the second derivative of -s**3/6 + s**2/2 + s. Suppose 1366 = 3*u - 2*l, 3*l = 3*u + 365 - 1730. Let i = 456 - u. Calculate k(i).
1
Let q(h) be the second derivative of -9*h**5/20 + h**3 + 5*h**2/2 - 1099*h. Give q(-2).
65
Let i(l) = -1721 - 4*l + 592 + 574 + 591. Calculate i(7).
8
Let j be (-5 - -4) + 5 - 1 - -13. Let w(m) = -5*m + 87. Determine w(j).
7
Let i(f) be the first derivative of -f**4/4 + 14*f**3/3 - 11*f**2/2 - 15*f + 892. Give i(13).
11
Let v = 39 - 28. Suppose i = 2*s - 26 + 7, 3*s - v = -2*i. Let t(p) = p**2 + 5 + 2*p**2 + s*p - 2 - 4*p**2. Determine t(6).
9
Let t(d) = 4*d - 39. Let z be t(10). Let u be (-48)/(-16) + (2 + -1)*z. Suppose 3*g - u + 22 = 0. Let k(j) = -2*j**2 - 10*j - 6. Determine k(g).
-18
Let p be -4*(3 + 36/(-16)) - -5. Let l(m) = -2*m + 4 + 0*m - 3*m + m**p + 6*m + 3*m. Calculate l(-4).
4
Let g(d) = -d**2 + 4*d - 13. Let n be g(0). Let x = n + 26. Let p = x + -6. Let o(q) = -q**2 + 7*q + 5. Determine o(p).
5
Let k be (2/4*0)/(2 - 4). Let t be 12/10 + 32/40. Let i(x) = -x + 2 - t*x + 2*x - 13. Determine i(k).
-11
Let u(m) = -7462935*m**2 - m**3 + 3 + 6*m + 1 + 7462927*m**2. Give u(-7).
-87
Let o(j) = -29*j + 28. Let q be o(1). Let l(x) = 13*x**2 - 2 - 26*x**2 - 2*x + 12*x**2. Calculate l(q).
-1
Let n be ((-1)/2)/((-1)/(-12)). Let x(s) = 6*s + 12*s**3 + 1501488*s**2 + 8 - 1501493*s**2 - 13*s**3. Calculate x(n).
8
Suppose 11*z - 189 = 273. Suppose 0 = -40*l + 38 + z. Let i(f) = -4*f**3 + f**2 + 3*f - 3. What is i(l)?
-25
Let s = -81 - -76. Let l(t) be the first derivative of t**4/4 + 4*t**3/3 - 3*t**2 - t - 21. Calculate l(s).
4
Let m(b) = -8*b + 16. Let c be (80/(-120))/(2/21). Let h(s) = -8*s + 13. Let u(l) = c*h(l) + 6*m(l). Give u(-2).
-11
Let h(z) = -z**3 - 4*z**2 + 2*z - 4. Let x be ((-14)/28)/((-7)/(-56)). Calculate h(x).
-12
Let r = 4 - 2. Let a(b) = 76*b + 0*b**2 + 7 - 71*b + b**r. Suppose -14*s + 55 = -25*s. What is a(s)?
7
Let i(r) = -2*r**2 + 2*r - 6. Let w(o) = -9*o**2 + 54*o - 544. Let q(j) = -4*i(j) + w(j). Determine q(25).
5
Let m(p) = -15*p - 9. Let h(l) = -l - 3. Let q(k) = 10*h(k) - m(k). Calculate q(14).
49
Let f(h) = 2*h**2 - h + 1. Suppose -c - c - 168 = 0. Let j be (-4)/4 + 1 - c/(-4). Let t = j + 22. Calculate f(t).
2
Let c(a) = -a**2 - 2*a - 2. Let p(s) = 3*s**2 - 154*s + 340. Let o be p(49). Give c(o).
-5
Let h(q) = -10*q**2 + 2*q - 7. Suppose 0 = 53*a - 143 + 37. Give h(a).
-43
Let j be ((-1)/1 + 12/16)/(7/(-280)). Let z(w) = w**2 - 5*w - 58. Give z(j).
-8
Let q(k) = -k**2 - 14*k - 46. Let z(s) = -s**3 + s**2 + 26*s - 57. Let g be z(2). What is q(g)?
-1
Let a(h) = h**3 - h**2 + h - 3. Let m be a(2). Let q = 81 - 77. Let d(p) = -q*p**2 + 134*p - 130*p + m*p**2. Give d(4).
0
Let y(g) be the first derivative of 0*g + 0*g**2 + 1/120*g**5 - 8/3*g**3 - 46 - 5/12*g**4. Let b(j) be the third derivative of y(j). What is b(6)?
-4
Suppose 0 = 3*u + 4*g - 2, -2*u = 15*g - 8*g - 10. Let y(k) = 4*k**2 - 4*k + 1. What is y(u)?
25
Let m be -1*4/5*(-1680)/(-224). Let n(z) be the first derivative of z**2 + 6*z - 1. Calculate n(m).
-6
Let p(s) = -8*s**2 + 3*s - 3*s**2 - 4*s + 7*s**2 + 2*s. Give p(-1).
-5
Let a be 30*(90/25 + (-77)/22). Let x(q) = -q + 12. What is x(a)?
9
Suppose -785 - 359 = 44*q. Let k(m) = m + 32. Calculate k(q).
6
Let m(c) = 20*c - 205 - 47*c + 14*c. Calculate m(-16).
3
Let f = 45 - 25. Suppose o + 4*o + f = 0. Let m(p) = -17*p - 22*p + 70*p - p**2 - 34*p + 4. What is m(o)?
0
Let q = -1 - 2. Let m(l) be the second derivative of l**4/4 + 5*l**3/3 - l**2/2 - 5*l - 13. Let j be m(q). Let u(a) = 2*a + 4. Calculate u(j).
-4
Suppose -796 + 324 = -4*p. Let q = p - 93. Suppose q - 27 = -m. Let g(w) = -8*w. Calculate g(m).
-16
Suppose -2*z - 5*v = 31 + 11, -v + 51 = -5*z. Let c = z + 14. Let r(f) = -f**2 - 2*f + 4. Determine r(c).
-11
Let u(v) = -v - 14. Let g(y) = 3*y + 30. Suppose -2*r + 0 = -p - 9, r = -3*p + 1. Let j be -2 + -4 + p - 3. Let n be g(j). Give u(n).
-14
Suppose -214 + 179 = -5*l. Suppose -2*u + 10 = 0, 5*c + 5*u - l = 13. Let n(s) = 8*s**2. Calculate n(c).
8
Let l(i) be the third derivative of i**5/60 + i**4/6 + 2*i**3/3 - 8*i**2. Let q be -88 + -1 + (-2)/1. Let j = q + 88. Determine l(j).
1
Let p(u) = 6 + 4 + 17 - u - 3 - 10. Determine p(-7).
21
Let i be (32 + -110)*16/(-6). Let f be -6*5/70 + i/28. Let u(s) = -4*s + 9. Give u(f).
-19
Suppose -13 = s - 19. Suppose -5*f = b - 14 - 1, -5*b = 2*f - s. Suppose 8 = f*h - 5*h. Let d(r) = -2*r**2 - 6*r - 1. Determine d(h).
-9
Let k(o) = o**2 - 72 + 15*o + 170 - 66. Let h be k(-3). Let a(p) = 2*p + 9. What is a(h)?
1
Let h(j) = 2*j + 26. Let k be 130/15 + (2 - 30/18). Suppose -3 - 69 = k*i. What is h(i)